{"id":17,"date":"2019-07-06T15:45:40","date_gmt":"2019-07-06T15:45:40","guid":{"rendered":"http:\/\/holzundstahl.com\/?page_id=17"},"modified":"2019-11-17T06:19:47","modified_gmt":"2019-11-17T06:19:47","slug":"wir","status":"publish","type":"page","link":"https:\/\/holzundstahl.com\/?page_id=17","title":{"rendered":"WIR"},"content":{"rendered":"\n<p><\/p>\n\n\n\n<div class=\"is-layout-flex wp-container-4 wp-block-columns has-3-columns\">\n<div class=\"is-layout-flow wp-block-column\">\n<figure class=\"wp-block-image\"><img fetchpriority=\"high\" decoding=\"async\" width=\"624\" height=\"406\" src=\"https:\/\/holzundstahl.com\/wp-content\/uploads\/2019\/07\/WIR1-4.jpg\" alt=\"\" class=\"wp-image-403\" srcset=\"https:\/\/holzundstahl.com\/wp-content\/uploads\/2019\/07\/WIR1-4.jpg 624w, https:\/\/holzundstahl.com\/wp-content\/uploads\/2019\/07\/WIR1-4-300x195.jpg 300w\" sizes=\"(max-width: 624px) 100vw, 624px\" \/><\/figure>\n\n\n\n<p style=\"text-align: justify;\">Begleitung der Bauherren durch alle Bauphasen von der Bauidee bis zur Realisierung.<br><br>Mit eingetragener Planverfasserrolle der Ingenieurkammer BW sind wir zur Antragstellung der Baugenehmigung bef\u00e4higt.<br><br>b\u00f6ttinger <span style=\"font-size: 10pt;\">INGENIEURLEISTUNGEN. PROJEKTMANAGEMENT. ARCHITEKTUR.<\/span> sch\u00f6pft aus einem reichen Erfahrungsschatz. Sowohl &nbsp;im Umgang mit Beh\u00f6rden, Partnern und Handwerksunternehmen, als auch aus der Baupraxis von Projektablauf bis zu baulichen Ausf\u00fchrungsdetails.<br><br>Immer unter den Pr\u00e4missen<\/p>\n<p style=\"text-align: justify;\">ZUH\u00d6REN<br>IMPULSE GEBEN<br>L\u00d6SUNGEN FINDEN<br>UMSETZEN<\/p>\n<p><\/p>\n<p><\/p>\n<\/div>\n\n\n\n<div class=\"is-layout-flow wp-block-column\">\n<figure class=\"wp-block-image\"><img decoding=\"async\" width=\"1024\" height=\"1006\" src=\"https:\/\/holzundstahl.com\/wp-content\/uploads\/2019\/11\/IMG_6374_2-1024x1006.jpg\" alt=\"\" class=\"wp-image-835\" srcset=\"https:\/\/holzundstahl.com\/wp-content\/uploads\/2019\/11\/IMG_6374_2-1024x1006.jpg 1024w, https:\/\/holzundstahl.com\/wp-content\/uploads\/2019\/11\/IMG_6374_2-300x295.jpg 300w, https:\/\/holzundstahl.com\/wp-content\/uploads\/2019\/11\/IMG_6374_2-768x755.jpg 768w, https:\/\/holzundstahl.com\/wp-content\/uploads\/2019\/11\/IMG_6374_2.jpg 1459w\" sizes=\"(max-width: 1024px) 100vw, 1024px\" \/><\/figure>\n\n\n\n<figure class=\"wp-block-image\"><img decoding=\"async\" width=\"1024\" height=\"1022\" src=\"https:\/\/holzundstahl.com\/wp-content\/uploads\/2019\/11\/IMG_6376_2-1024x1022.jpg\" alt=\"\" class=\"wp-image-836\" srcset=\"https:\/\/holzundstahl.com\/wp-content\/uploads\/2019\/11\/IMG_6376_2-1024x1022.jpg 1024w, https:\/\/holzundstahl.com\/wp-content\/uploads\/2019\/11\/IMG_6376_2-150x150.jpg 150w, https:\/\/holzundstahl.com\/wp-content\/uploads\/2019\/11\/IMG_6376_2-300x300.jpg 300w, https:\/\/holzundstahl.com\/wp-content\/uploads\/2019\/11\/IMG_6376_2-768x767.jpg 768w\" sizes=\"(max-width: 1024px) 100vw, 1024px\" \/><\/figure>\n<\/div>\n\n\n\n<div class=\"is-layout-flow wp-block-column\">\n<figure class=\"wp-block-image\"><img loading=\"lazy\" decoding=\"async\" width=\"1024\" height=\"667\" src=\"https:\/\/holzundstahl.com\/wp-content\/uploads\/2019\/07\/WIR3-1-1024x667.jpg\" alt=\"\" class=\"wp-image-405\" srcset=\"https:\/\/holzundstahl.com\/wp-content\/uploads\/2019\/07\/WIR3-1-1024x667.jpg 1024w, https:\/\/holzundstahl.com\/wp-content\/uploads\/2019\/07\/WIR3-1-300x195.jpg 300w, https:\/\/holzundstahl.com\/wp-content\/uploads\/2019\/07\/WIR3-1-768x500.jpg 768w, https:\/\/holzundstahl.com\/wp-content\/uploads\/2019\/07\/WIR3-1.jpg 1247w\" sizes=\"(max-width: 1024px) 100vw, 1024px\" \/><\/figure>\n\n\n\n<p style=\"text-align: justify;\">Warmes Holz und starker Stahl zeigen immer wieder neu ihr interessantes Potential bestechender \u00c4sthetik.<br><br>Projektfertigungen in eigener Werkstatthalle und kapazit\u00e4tsabh\u00e4ngig in Kooperationen mit lokalen Fachunternehmen.<br><br>Verantwortung und Qualit\u00e4t bleiben bei holzundstahl <span style=\"font-size: 10pt;\">PLANUNG. GESTALTUNG. AUSF\u00dcHRUNG<\/span>.<br><br><br><br><br><br><br>Immer mit den Anspr\u00fcchen<\/p>\n<p style=\"text-align: justify;\"><br>MACHBAR und KOSTENKLAR<br>INDIVIDUELL und KREATIV<br>HANDWERKLICH und MODERN<br><br><br><br><br><\/p>\n<p style=\"text-align: justify;\"><\/p>\n<p style=\"text-align: justify;\"><\/p>\n<p style=\"text-align: justify;\"><\/p>\n<\/div>\n<\/div>\n","protected":false},"excerpt":{"rendered":"<p>Begleitung der Bauherren durch alle Bauphasen von der Bauidee bis zur Realisierung. Mit eingetragener Planverfasserrolle der Ingenieurkammer BW sind wir zur Antragstellung der Baugenehmigung bef\u00e4higt. b\u00f6ttinger INGENIEURLEISTUNGEN. PROJEKTMANAGEMENT. ARCHITEKTUR. sch\u00f6pft aus einem reichen Erfahrungsschatz. Sowohl &nbsp;im Umgang mit Beh\u00f6rden, Partnern und Handwerksunternehmen, als auch aus der Baupraxis von Projektablauf bis<\/p>\n","protected":false},"author":1,"featured_media":0,"parent":0,"menu_order":0,"comment_status":"closed","ping_status":"closed","template":"page-templates\/template-fullwidth.php","meta":[],"_links":{"self":[{"href":"https:\/\/holzundstahl.com\/index.php?rest_route=\/wp\/v2\/pages\/17"}],"collection":[{"href":"https:\/\/holzundstahl.com\/index.php?rest_route=\/wp\/v2\/pages"}],"about":[{"href":"https:\/\/holzundstahl.com\/index.php?rest_route=\/wp\/v2\/types\/page"}],"author":[{"embeddable":true,"href":"https:\/\/holzundstahl.com\/index.php?rest_route=\/wp\/v2\/users\/1"}],"replies":[{"embeddable":true,"href":"https:\/\/holzundstahl.com\/index.php?rest_route=%2Fwp%2Fv2%2Fcomments&post=17"}],"version-history":[{"count":98,"href":"https:\/\/holzundstahl.com\/index.php?rest_route=\/wp\/v2\/pages\/17\/revisions"}],"predecessor-version":[{"id":837,"href":"https:\/\/holzundstahl.com\/index.php?rest_route=\/wp\/v2\/pages\/17\/revisions\/837"}],"wp:attachment":[{"href":"https:\/\/holzundstahl.com\/index.php?rest_route=%2Fwp%2Fv2%2Fmedia&parent=17"}],"curies":[{"name":"wp","href":"https:\/\/api.w.org\/{rel}","templated":true}]}}